DROP DATABASE IF EXISTS `allatnevek`;
CREATE DATABASE allatnevek;
USE allatnevek;

-- MySQL dump 10.13  Distrib 8.0.35, for Linux (x86_64)
--
-- Host: localhost    Database: allatnevek
-- ------------------------------------------------------
-- Server version	8.0.35-0ubuntu0.20.04.1

/*!40101 SET @OLD_CHARACTER_SET_CLIENT=@@CHARACTER_SET_CLIENT */;
/*!40101 SET @OLD_CHARACTER_SET_RESULTS=@@CHARACTER_SET_RESULTS */;
/*!40101 SET @OLD_COLLATION_CONNECTION=@@COLLATION_CONNECTION */;
/*!50503 SET NAMES utf8mb4 */;
/*!40103 SET @OLD_TIME_ZONE=@@TIME_ZONE */;
/*!40103 SET TIME_ZONE='+00:00' */;
/*!40014 SET @OLD_UNIQUE_CHECKS=@@UNIQUE_CHECKS, UNIQUE_CHECKS=0 */;
/*!40014 SET @OLD_FOREIGN_KEY_CHECKS=@@FOREIGN_KEY_CHECKS, FOREIGN_KEY_CHECKS=0 */;
/*!40101 SET @OLD_SQL_MODE=@@SQL_MODE, SQL_MODE='NO_AUTO_VALUE_ON_ZERO' */;
/*!40111 SET @OLD_SQL_NOTES=@@SQL_NOTES, SQL_NOTES=0 */;

--
-- Table structure for table `allat`
--

DROP TABLE IF EXISTS `allat`;
/*!40101 SET @saved_cs_client     = @@character_set_client */;
/*!50503 SET character_set_client = utf8mb4 */;
CREATE TABLE `allat` (
  `id` int NOT NULL,
  `nev` varchar(255) DEFAULT NULL,
  `faj` varchar(255) DEFAULT NULL,
  PRIMARY KEY (`id`)
) ENGINE=InnoDB DEFAULT CHARSET=utf8mb4 COLLATE=utf8mb4_0900_ai_ci;
/*!40101 SET character_set_client = @saved_cs_client */;

--
-- Dumping data for table `allat`
--

LOCK TABLES `allat` WRITE;
/*!40000 ALTER TABLE `allat` DISABLE KEYS */;
INSERT INTO `allat` VALUES (1,'Lajos','szamár'),(2,'Csuri','veréb'),(3,'Böske','ló'),(4,'Bark','róka'),(5,'Csámpás','szamár'),(6,'Csett','gébics'),(7,'Kata','házityúk'),(8,'Tanti','bagoly'),(9,'Csimbók','kutya'),(10,'Pagát','kutya'),(11,'Szú','sün'),(12,'Őz Egon','őz'),(13,'Vu','bagoly'),(14,'Őzy Egon','őz'),(15,'Szimba Msenzi','oroszlán'),(16,'Cin','egér'),(17,'Ri','fecske'),(18,'Hóka','ló'),(19,'Szi','kígyó'),(20,'Kag','róka'),(21,'Kurra','kutya'),(22,'Mú','szarvasmarha'),(23,'Panna','róka'),(24,'Bikfic','kutya'),(25,'Tücsök','kutya'),(26,'Uccu','kutya'),(27,'Killi','héja'),(28,'Csetnik','kutya'),(29,'Elemér','ló'),(30,'Duhaj','szarvasmarha'),(31,'Mici','macska'),(32,'Balambér','szamár'),(33,'Csusz','gyík'),(34,'Nyu','farkas'),(35,'Náci','macska'),(36,'Kalán','nyúl'),(37,'Ede','medve'),(38,'Kakat','fácán'),(39,'Ráró','sas'),(40,'Róka Gyuri','róka'),(41,'Dörmögő Dömötör','medve'),(42,'Nyusziné Kalán Eleonóra','nyúl'),(43,'Kocáriné Koca','vaddisznó'),(44,'Ci-nyi','egér'),(45,'Fickó','kutya'),(46,'Matyi','szajkó'),(47,'Lupi','kutya'),(48,'Professzor úr','bagoly'),(49,'Bob','kutya'),(50,'Nerr','karvaly'),(51,'Csutak','kutya'),(52,'Róka Elek','róka'),(53,'Mátyás','szajkó'),(54,'Tódor','bárány'),(55,'Pipincs','majom'),(56,'Nagykigláb','gólya'),(57,'Kerecsen','sólyom'),(58,'Mackó','kutya'),(59,'Uhu','bagoly'),(60,'Embrió','ló'),(61,'Karr','sólyom'),(62,'Csibor','kutya'),(63,'Miska','ló'),(64,'Pi','ürge'),(65,'Vuk','róka'),(66,'Csuvik','bagoly'),(67,'Bogáncs','kutya'),(68,'Fáni','szarvasmarha'),(69,'Rigó','ló'),(70,'Zsuzsi','szamár'),(71,'Tala','keselyű'),(72,'Ruca','ló'),(73,'Nyaú','macska'),(74,'Kiri','vércse'),(75,'Ravasz','róka'),(76,'Bubi','ló'),(77,'Bee','bárány'),(78,'Kiz','patkány'),(79,'Oszkár','varjú'),(80,'Miska','kutya'),(81,'Vé','gólya'),(82,'Rá','varjú'),(83,'Kanalas Ágoston','nyúl'),(84,'Mérges','kutya'),(85,'Kiő','ölyv'),(86,'Toró','varjú'),(87,'Szimba','oroszlán'),(88,'Gyuri','házityúk'),(89,'Holló','ló'),(90,'Bu','szarvasmarha'),(91,'Dorottya','medve'),(92,'Sári','ló'),(93,'Marcsa','ló'),(94,'Csuvik Aladár','bagoly'),(95,'Vica','szarvasmarha'),(96,'Juci','macska'),(97,'Föcske','kutya'),(98,'Csirik','menyét'),(99,'Vak Toportyán','farkas'),(100,'János','varjú'),(101,'Káró','kutya'),(102,'Csele','róka'),(103,'Kurri','házityúk'),(104,'Szarka Ákos','szarka'),(105,'Julcsa','szarvasmarha'),(106,'Sárkány','ló'),(107,'Kró','holló'),(108,'ja Uleja','oroszlán'),(109,'Paták','ló'),(110,'Bagó','kutya'),(111,'Íny','róka'),(112,'Pici','kutya'),(113,'Fergeteg','ló'),(114,'Csikasz','kutya'),(115,'Cse','fecske'),(116,'Vörös','róka'),(117,'Pepi','nyuszt'),(118,'Manci','ló'),(119,'Dzsinn','leopárd'),(120,'Vit','fecske'),(121,'Sármány','ló'),(122,'Csákó','szarvasmarha'),(123,'Citér','cinke'),(124,'Füstös','rigó'),(125,'Kanalas Boriska','nyúl'),(126,'Hú','bagoly'),(127,'Csám','vaddisznó'),(128,'Suó','sólyom'),(129,'Parpu','gém'),(130,'Csufi','kutya'),(131,'Küllő','harkály'),(132,'Tás','vadkacsa'),(133,'Bruku','galamb'),(134,'Fecske','kutya'),(135,'Zu','légy'),(136,'Borzas','kutya'),(137,'Szeles','ló'),(138,'Mirci','macska'),(139,'Csipet','kutya'),(140,'Sut','róka'),(141,'Kele','gólya'),(142,'Harat','sas'),(143,'Vahúr','kutya'),(144,'Kati','ló'),(145,'Treff','kutya'),(146,'Talpas','farkas'),(147,'Mari','rigó'),(148,'Sajó','kutya'),(149,'Csisz','denevér'),(150,'Unka','béka'),(151,'Zsivány','szarvasmarha'),(152,'Dáma','kutya'),(153,'Muki','nyuszt'),(154,'Peták','kutya'),(155,'Jakab','kutya'),(156,'Finánc','kutya'),(157,'Lutra','vidra'),(158,'Csillag','ló'),(159,'Miska','szamár'),(160,'Csilli','poszáta'),(161,'Szidike','kutya'),(162,'Ordas Csikasz','farkas'),(163,'Betyár','kutya'),(164,'Brozovics Borz','borz'),(165,'Pille','lepke'),(166,'Labanc','kutya'),(167,'Gege','vadliba'),(168,'Morzsa','kutya'),(169,'Szarvas Menyhért','szarvas'),(170,'Kanalas Gusztáv','nyúl'),(171,'Szultán','oroszlán'),(172,'Tanár úr','bagoly'),(173,'Kanalas Őrvezető','nyúl'),(174,'Maros','kutya'),(175,'Kapitány','ló'),(176,'Ravaszdi','róka'),(177,'Tecs','szarka'),(178,'Bába','gólya'),(179,'Bimbó','szarvasmarha'),(180,'Hosszúláb','gólya'),(181,'Fokos','ló'),(182,'Fészkes Annamária','házityúk'),(183,'Uzsárdi Mihály','holló'),(184,'Elemér','papagáj'),(185,'Bogár','ló'),(186,'Ravaszdy Ravasz Elek','róka'),(187,'Csí','fecske'),(188,'Berci','kutya'),(189,'Nóra','kutya'),(190,'Szikra','kutya'),(191,'Basa','kutya'),(192,'Szellő','ló'),(193,'Csalavér','róka'),(194,'Teofil','szamár'),(195,'Karak','róka'),(196,'Bodri','kutya'),(197,'Muki','kutya'),(198,'Cilike','macska'),(199,'Betyár','ló'),(200,'Deres','ló');
/*!40000 ALTER TABLE `allat` ENABLE KEYS */;
UNLOCK TABLES;

--
-- Table structure for table `kapcsolo`
--

DROP TABLE IF EXISTS `kapcsolo`;
/*!40101 SET @saved_cs_client     = @@character_set_client */;
/*!50503 SET character_set_client = utf8mb4 */;
CREATE TABLE `kapcsolo` (
  `allatid` int NOT NULL,
  `regenyid` int NOT NULL,
  PRIMARY KEY (`allatid`,`regenyid`)
) ENGINE=InnoDB DEFAULT CHARSET=utf8mb4 COLLATE=utf8mb4_0900_ai_ci;
/*!40101 SET character_set_client = @saved_cs_client */;

--
-- Dumping data for table `kapcsolo`
--

LOCK TABLES `kapcsolo` WRITE;
/*!40000 ALTER TABLE `kapcsolo` DISABLE KEYS */;
INSERT INTO `kapcsolo` VALUES (7,15),(7,20),(11,20),(16,12),(17,3),(19,20),(20,20),(27,3),(27,12),(33,20),(36,3),(36,20),(45,20),(61,3),(61,20),(65,20),(67,15),(71,22),(73,20),(74,22),(77,22),(78,12),(78,20),(82,20),(85,20),(98,20),(102,20),(103,20),(107,12),(111,20),(120,3),(123,12),(126,3),(126,22),(127,20),(129,12),(132,20),(135,20),(140,20),(141,3),(141,11),(141,20),(143,11),(143,20),(149,12),(150,20),(150,30),(157,12),(157,20),(167,3),(167,20),(187,3),(187,11),(187,20),(195,20);
/*!40000 ALTER TABLE `kapcsolo` ENABLE KEYS */;
UNLOCK TABLES;

--
-- Table structure for table `regeny`
--

DROP TABLE IF EXISTS `regeny`;
/*!40101 SET @saved_cs_client     = @@character_set_client */;
/*!50503 SET character_set_client = utf8mb4 */;
CREATE TABLE `regeny` (
  `id` int NOT NULL,
  `ev` int DEFAULT NULL,
  `cim` varchar(255) DEFAULT NULL,
  `kiado` varchar(255) DEFAULT NULL,
  PRIMARY KEY (`id`)
) ENGINE=InnoDB DEFAULT CHARSET=utf8mb4 COLLATE=utf8mb4_0900_ai_ci;
/*!40101 SET character_set_client = @saved_cs_client */;

--
-- Dumping data for table `regeny`
--

LOCK TABLES `regeny` WRITE;
/*!40000 ALTER TABLE `regeny` DISABLE KEYS */;
INSERT INTO `regeny` VALUES (1,1937,'A koppányi aga testamentuma','Dante Könyvkiadó'),(2,1939,'Zsellérek','Királyi Magyar Egyetemi Nyomda'),(3,1940,'Csi. Történet állatokról és emberekről','Singer és Wolfner Irodalmi Intézet Rt'),(4,1941,'Öreg utakon','Singer és Wolfner Irodalmi Intézet Rt.'),(5,1942,'Hajnal Badányban','Singer és Wolfner Irodalmi Intézet Rt.'),(7,1944,'Egy szem kukorica','Új Idők Irodalmi Intézet Rt. (Singer és Wolfner)'),(8,1944,'Emberek között','Új Idők Kiadó'),(9,1946,'Gyeplő nélkül','Új Idők Irodalmi Intézet Rt. (Singer és Wolfner)'),(10,1947,'Tíz szál gyertya','Új Idők Irodalmi Intézet Rt. (Singer és Wolfner)'),(11,1955,'Kele','Magvető Kiadó'),(12,1955,'Lutra','Ifjúsági Könyvkiadó'),(13,1955,'Halászat','Mezőgazdasági Kiadó'),(14,1957,'Tüskevár','Móra Ferenc Könyvkiadó'),(15,1957,'Bogáncs','Ifjúsági Könyvkiadó'),(16,1959,'Téli berek','Móra Ferenc Könyvkiadó'),(17,1960,'Pepi-kert. A szarvasi arborétum története és leírása','Mezőgazdasági Kiadó'),(18,1962,'Őszi vásár','Magvető Könyvkiadó'),(19,1962,'Kittenberger Kálmán élete','Móra Ferenc Könyvkiadó'),(20,1965,'Vuk','Móra Ferenc Könyvkiadó'),(21,1965,'Csend – 21 nap','Móra Kiadó'),(22,1966,'Hu','Móra Könyvkiadó'),(23,1968,'Barangolások','Móra Könyvkiadó'),(24,1970,'Ballagó idő','Móra Ferenc Könyvkiadó'),(25,1973,'Tarka rét','Móra Könyvkiadó.'),(26,1973,'Rózsakunyhó','Móra Ferenc Ifjúsági Könyvkiadó'),(27,1987,'Erdei utakon','Mezőgazdasági Kiadó'),(28,1988,'Vadászatok erdőn-mezőn','Mezőgazdasági Kiadó'),(29,1993,'Ci-Nyi','Nesztor'),(30,1994,'Végtelen út','Nesztor'),(31,2005,'Karácsony éjjel','Lazi Könyvkiadó'),(32,2006,'Kísértés','Lazi Könyvkiadó'),(33,2006,'Tűz mellett','Lazi Könyvkiadó'),(34,2006,'Erdély','Lazi Könyvkiadó'),(35,2007,'Fészekrablás','Lazi Könyvkiadó'),(36,2007,'Tojáshéjdarabkák','Lazi Könyvkiadó'),(37,1997,'A három uhu és más történetek','Nesztor'),(38,2000,'A magam erdeiben','Új Ember Könyvkiadó');
/*!40000 ALTER TABLE `regeny` ENABLE KEYS */;
UNLOCK TABLES;
/*!40103 SET TIME_ZONE=@OLD_TIME_ZONE */;

/*!40101 SET SQL_MODE=@OLD_SQL_MODE */;
/*!40014 SET FOREIGN_KEY_CHECKS=@OLD_FOREIGN_KEY_CHECKS */;
/*!40014 SET UNIQUE_CHECKS=@OLD_UNIQUE_CHECKS */;
/*!40101 SET CHARACTER_SET_CLIENT=@OLD_CHARACTER_SET_CLIENT */;
/*!40101 SET CHARACTER_SET_RESULTS=@OLD_CHARACTER_SET_RESULTS */;
/*!40101 SET COLLATION_CONNECTION=@OLD_COLLATION_CONNECTION */;
/*!40111 SET SQL_NOTES=@OLD_SQL_NOTES */;

-- Dump completed on 2023-12-12 11:16:14
